ts digit of s?
3
Let x(u) = u**3 + 11*u**2 + u + 15. Let n be x(-11). Suppose 0*k - 2*k + 6 = 0. Suppose k*i + 4*w + 9 = 0, 0*i - n*w - 15 = -3*i. What is the units digit of i?
1
Let y = -3 + 1. Let v be (-1 - 1)*(9 + y). Let k = -3 - v. What is the tens digit of k?
1
Let q(t) = -t + 3. Let u be q(0). What is the units digit of u*(4/6 - -1)?
5
Suppose 3*n = -3*m + 153, 0 = 3*m - 5*m + 8. What is the tens digit of n?
4
Let u = 4 - 8. Let k = u + 3. Let j = k - -2. What is the units digit of j?
1
Let t = 312 - 13. What is the units digit of t?
9
Let k = 1 - -9. What is the units digit of k?
0
Suppose -5*v + 4 = -6. Suppose v*u - 4 = -6. What is the units digit of 0 - 0 - u/1?
1
Let i(j) = -2*j + 8 - j**2 + 7*j + 0*j**2. Let w be i(6). Suppose 0*o + 22 = w*o. What is the tens digit of o?
1
Let f(m) = m**3 - 3*m**2 - 3*m + 5. Let u be f(4). Let q = 8 + u. What is the units digit of q?
7
Let l(x) = x**3 - 3*x**2 - 4. Let j be l(3). Let w(v) = -7*v + 5. Let s(z) = -z + 1. Let b(i) = -6*s(i) + w(i). What is the units digit of b(j)?
3
Let t(b) = b**2 - 2*b - 1. Let d be t(2). Let o = 29 - 24. Let v = o + d. What is the units digit of v?
4
Suppose s + 12 = 5*d - 2, 0 = 2*d + 8. Let t = s - -47. What is the units digit of t?
3
Suppose -o = -2*o + y - 26, -o = y + 22. Let d = -10 - o. What is the tens digit of d?
1
Suppose 2*y + 2*n = 276, -3*y - n - 44 = -464. What is the units digit of y?
1
Suppose 20 = c - 27. What is the units digit of c?
7
Let r(y) = -y**3 - 3*y**2 - 3*y - 1. Let d be r(-3). Let p(q) = 2*q - 9. Let i be p(d). Suppose 0 = i*l - 10*l + 30. What is the units digit of l?
0
Let f = -20 + 18. Let w = 6 - f. What is the units digit of w?
8
Suppose 12*t - 13*t = -46. What is the tens digit of t?
4
Let z(a) = a**2 + 2*a - 4. Let n be z(-4). Let r = n + -6. What is the units digit of 1/r*(0 - 2)?
1
Let h(l) = -5*l - 1. Let f be h(-1). Let c(o) = 4*o + o**3 - 3*o + f*o - 2 - 6*o - 2*o**2. What is the units digit of c(3)?
4
Let z(b) = -b. Let v(o) = o**3 + 11*o**2 + 11*o + 1. Let l(w) = v(w) + 4*z(w). What is the units digit of l(-10)?
1
Let c(p) be the first derivative of -p**4/2 - 5*p**3/3 - p**2 - 5*p + 4. What is the tens digit of c(-4)?
5
Let k(f) = 65*f - 58. What is the hundreds digit of k(5)?
2
Let y(p) = 5 + 0 + 1 + p**2 - 4*p. What is the units digit of y(4)?
6
Let s(t) = 3*t**2 + 3. Let f be s(3). Suppose c + 1 + 19 = 0. Let r = f + c. What is the tens digit of r?
1
What is the units digit of -21*(4 - (-30)/(-7))?
6
Suppose -z = 4*z + 25. Let p(w) be the third derivative of -w**5/60 - 3*w**4/8 - w**3 + 4*w**2. What is the units digit of p(z)?
4
Let u = -22 + 51. What is the tens digit of u?
2
Let x(l) = 7*l**2 - 3*l + 15. What is the tens digit of x(-5)?
0
Suppose -3*s = -k + 319, 0 = -4*s - 0*k - 2*k - 422. Let p be (-8)/(-36) - s/9. Let h = p - 5. What is the units digit of h?
7
Let t(y) be the first derivative of y**2/2 - 4*y - 2. Let n be t(2). Let g = n - -3. What is the units digit of g?
1
Let l = -3 + 0. Let j be (-3)/6 - l/2. What is the units digit of j/(-5) - (-186)/30?
6
Let z = 32 + -15. What is the tens digit of z?
1
Let i be ((-2)/(-4))/(2/(-28)). What is the tens digit of ((-12)/i)/(4/28)?
1
Let l(i) = -i**2 + 13*i - 21. What is the units digit of l(10)?
9
Suppose -2*g + 0*g = -168. Let k = -59 + g. What is the units digit of k?
5
Let y = 115 - 5. What is the units digit of y?
0
Let i(y) = 2 - y**2 + y**3 + y**3 - y - y**3. Suppose -2*h + 7*h = 0. What is the units digit of i(h)?
2
What is the tens digit of 3*1*(-5 + 249/9)?
6
Let y(w) = w**2 - 4. Let j be y(-4). Suppose -2*b - j + 54 = 0. What is the units digit of b?
1
Suppose 0 = -14*c + 9*c + 335. What is the units digit of c?
7
Let f(w) = -w**3 - w**2. Let i(t) = 7*t**3 - t**2 + 5*t + 4. Let s = 1 - 2. Let y(m) = s*i(m) - 6*f(m). What is the units digit of y(6)?
2
Suppose -2*v + 35 = -55. What is the units digit of v?
5
Suppose -z + 2 = 0, 0*j - z + 18 = 4*j. Suppose 0 = -7*h + j*h + 63. Suppose 0 = -3*y + 6*y - h. What is the units digit of y?
7
Let x(j) = -j**2 + j + 6. Let t be x(0). What is the units digit of ((-16)/t)/(6/(-27))?
2
Let k = -3 + 7. Suppose 3*g - 2*p + 47 = 0, -p = -g + k - 20. What is the units digit of (-102)/g - 2/(-10)?
7
Suppose 0 = 3*t + 3*h - 780, -1058 = -2*t - 2*t + 5*h. What is the units digit of t?
2
Let i = 74 - 30. What is the tens digit of i?
4
Suppose 5*p - 8 = 3*l - 57, -2*p - 42 = -4*l. Let c = 11 - l. Suppose -4*n + c*x = -52, -5*x = -4*n - 0*n + 52. What is the tens digit of n?
1
Let h = 16 + -33. Let f = 27 + h. Suppose f - 34 = -3*y. What is the units digit of y?
8
Let w = 273 + -58. What is the units digit of w?
5
Let u(p) = -p. Let x(b) = 8. Let o(l) = u(l) - x(l). Let m be o(-9). What is the tens digit of 1/m*-3 - -16?
1
Let u(c) be the second derivative of -c**4/12 + c**3 - 5*c**2/2 - c. Suppose -3 = 3*f - 15. What is the units digit of u(f)?
3
Let z(p) = -p**3 + 8*p**2 - 6*p + 12. What is the units digit of z(5)?
7
Let b = 136 + 87. What is the hundreds digit of b?
2
Suppose 0*w + 3*w + 498 = 0. What is the tens digit of (-6)/10 - w/10?
1
Let o(m) = 3*m + 9. Let s be o(-6). Let r = s + 4. Let z = r + 19. What is the units digit of z?
4
Suppose 0 = -3*s - 6, 2*u + 4*s + s + 8 = 0. What is the units digit of u?
1
Suppose w = 5*w + 4, -5*k + w = -51. Suppose 3*t + 4*y = -k + 110, -130 = -4*t - 2*y. What is the units digit of t?
2
Let n(z) = -2*z**2 + z. Let k be n(1). Let u(i) = -2*i - 5. Let j be u(-5). Let f = j + k. What is the units digit of f?
4
Let y be (-7)/(14/(-144)) + 2. Let n = y - 52. What is the tens digit of n?
2
Let x(v) = -v. Let k be x(0). Let c be k/(-1) + 2 + -2. What is the units digit of (-1 - c)/(2/(-4))?
2
Let r = 250 + -168. What is the tens digit of r?
8
Suppose 5*y = -3*w + 20, -4*w = -y - 0 + 4. Let q(h) = y + 0 - 2 + h. What is the units digit of q(3)?
5
Let f(i) be the second derivative of -i**5/20 + 5*i**4/4 + i**3/6 + 10*i**2 + 3*i. What is the tens digit of f(15)?
3
Let l = -10 - -20. Suppose -5*s = -l - 25. What is the units digit of s?
7
Suppose 6 + 6 = 3*x. Suppose 0*o = x*o + 24. Let t(g) = -g + 6. What is the units digit of t(o)?
2
What is the tens digit of 30/(-45)*(-261)/2?
8
Let c(q) = q**2 + 2*q - 3. Let r(t) be the second derivative of -t**3/3 + 4*t**2 - 2*t. Let k be r(6). What is the units digit of c(k)?
5
Let u(b) = 4*b - 1. Let v be u(1). Suppose -2*q = -v*q. Suppose q = 5*a - 52 + 12. What is the units digit of a?
8
Let v(f) = -f**3 - 7 + 3 + 6*f**2 - 2*f - 3*f. Let m be v(4). Let q = -5 + m. What is the units digit of q?
3
Suppose 0 = 5*x + 2*x - 126. What is the tens digit of x?
1
Let w(j) = -21*j - 25. What is the tens digit of w(-5)?
8
Suppose x = -3*x + 4. Let w = 8 - x. Suppose -8 = -h + 2*s, 3*h - w*s + 2*s = 26. What is the units digit of h?
2
Let q = -8 - -10. Let p be 1/q - 1/2. Let l(m) = -m**2 + m + 9. What is the units digit of l(p)?
9
Suppose 5*z = 5*m - 40, -4*m + 19 = -3*z - 9. What is the tens digit of 142/8 + 1/m?
1
Let x(w) = w**2 - 2*w - 2. Let s(z) = z**2 - z - 2. Let k(m) = 5*s(m) - 6*x(m). What is the tens digit of k(5)?
1
Let f(x) = -10*x - 3. Let o be f(-5). Suppose 0 = -5*j + o - 12. What is the units digit of j?
7
Suppose 2*h + 3*r = 6*r + 24, 4*h - 40 = 4*r. Let x be h/((-2)/(-1)) - 0. Suppose 7*o + 17 = -m + 3*o, x*o + 27 = 4*m. What is the units digit of m?
3
Let b(x) = -x - 3. Let h be b(-6). Suppose -5 = 5*j, -4*j = -4*r + j + 17. Suppose -o - h*o + 25 = 5*n, -r*o - 4*n = -18. What is the tens digit of o?
1
Let w(h) = h**3 - 2*h**2 + h + 1. Let c be w(2). Suppose 0*q + c = q. What is the units digit of q?
3
Suppose 6*k + 250 = 8*k. What is the units digit of k?
5
Suppose -w - 26 = -s - 2*w, 4*s + 2*w - 102 = 0. What is the units digit of s?
5
Let q be 4/(-8)*(1 - 1). Suppose q = -0*b - b - 1, 40 = 5*h - 5*b. What is the units digit of h?
7
Let i = -3 - -6. Suppose 3*o + i = 12. What is the units digit of o?
3
Let y(g) be the first derivative of g**3/3 - 7*g**2/2 - 1. Let c = 1 - -8. What is the units digit of y(c)?
8
Suppose 0 = -2*s + 2*j - 4*j - 18, -4*s - 30 = -2*j. Let p(h) = -3*h + 3*h - 7 - h. What is the units digit of p(s)?
1
Let t be (-1 + 2/2)/2. Let s = t - -5. What is the units digit of s?
5
Suppose 2*c = -2*a + 6*c + 50, 2*c = 